 divided by 56.
55
Calculate the remainder when 105 is divided by 10.
5
What is the remainder when 263 is divided by 22?
21
Calculate the remainder when 848 is divided by 471.
377
What is the remainder when 157 is divided by 55?
47
What is the remainder when 833 is divided by 36?
5
What is the remainder when 158 is divided by 115?
43
What is the remainder when 36 is divided by 32?
4
Calculate the remainder when 183 is divided by 53.
24
Calculate the remainder when 297 is divided by 25.
22
What is the remainder when 651 is divided by 323?
5
What is the remainder when 3956 is divided by 37?
34
What is the remainder when 1036 is divided by 61?
60
Calculate the remainder when 374 is divided by 335.
39
Calculate the remainder when 86 is divided by 26.
8
What is the remainder when 456 is divided by 114?
0
What is the remainder when 35 is divided by 27?
8
Calculate the remainder when 11825 is divided by 81.
80
What is the remainder when 691 is divided by 46?
1
What is the remainder when 2435 is divided by 116?
115
Calculate the remainder when 160 is divided by 7.
6
What is the remainder when 1613 is divided by 398?
21
Calculate the remainder when 14316 is divided by 139.
138
Calculate the remainder when 526 is divided by 218.
90
What is the remainder when 342 is divided by 69?
66
What is the remainder when 281 is divided by 16?
9
What is the remainder when 359 is divided by 26?
21
Calculate the remainder when 372 is divided by 124.
0
Calculate the remainder when 1704 is divided by 55.
54
Calculate the remainder when 348 is divided by 41.
20
What is the remainder when 580 is divided by 35?
20
What is the remainder when 2265 is divided by 304?
137
What is the remainder when 429 is divided by 49?
37
What is the remainder when 443 is divided by 18?
11
Calculate the remainder when 1349 is divided by 59.
51
Calculate the remainder when 422 is divided by 53.
51
What is the remainder when 73 is divided by 15?
13
What is the remainder when 3148 is divided by 30?
28
What is the remainder when 2613 is divided by 24?
21
Calculate the remainder when 482 is divided by 44.
42
Calculate the remainder when 669 is divided by 48.
45
What is the remainder when 169 is divided by 15?
4
What is the remainder when 2310 is divided by 462?
0
What is the remainder when 544 is divided by 137?
133
What is the remainder when 244 is divided by 38?
16
What is the remainder when 122 is divided by 37?
11
What is the remainder when 4197 is divided by 175?
172
Calculate the remainder when 715 is divided by 237.
4
What is the remainder when 288 is divided by 85?
33
Calculate the remainder when 354 is divided by 36.
30
Calculate the remainder when 276 is divided by 127.
22
Calculate the remainder when 59 is divided by 23.
13
What is the remainder when 476 is divided by 2?
0
Calculate the remainder when 276 is divided by 56.
52
What is the remainder when 974 is divided by 47?
34
What is the remainder when 303 is divided by 101?
0
Calculate the remainder when 58 is divided by 23.
12
Calculate the remainder when 848 is divided by 23.
20
Calculate the remainder when 633 is divided by 106.
103
What is the remainder when 257 is divided by 43?
42
Calculate the remainder when 1583 is divided by 18.
17
Calculate the remainder when 610 is divided by 44.
38
What is the remainder when 30023 is divided by 18?
17
Calculate the remainder when 70 is divided by 15.
10
What is the remainder when 613 is divided by 28?
25
Calculate the remainder when 4763 is divided by 1184.
27
Calculate the remainder when 767 is divided by 48.
47
What is the remainder when 8426 is divided by 15?
11
Calculate the remainder when 724 is divided by 13.
9
What is the remainder when 43 is divided by 10?
3
Calculate the remainder when 62 is divided by 13.
10
What is the remainder when 191 is divided by 119?
72
What is the remainder when 1545 is divided by 330?
225
Calculate the remainder when 5035 is divided by 210.
205
What is the remainder when 435 is divided by 55?
50
Calculate the remainder when 58 is divided by 17.
7
What is the remainder when 179 is divided by 60?
59
What is the remainder when 7780 is divided by 2587?
19
What is the remainder when 1944 is divided by 69?
12
What is the remainder when 15809 is divided by 59?
56
Calculate the remainder when 10449 is divided by 39.
36
Calculate the remainder when 405 is divided by 37.
35
Calculate the remainder when 5607 is divided by 165.
162
What is the remainder when 299 is divided by 1?
0
Calculate the remainder when 64 is divided by 43.
21
Calculate the remainder when 8580 is divided by 7.
5
What is the remainder when 536 is divided by 264?
8
Calculate the remainder when 2141 is divided by 214.
1
Calculate the remainder when 4492 is divided by 21.
19
What is the remainder when 75 is divided by 35?
5
Calculate the remainder when 752 is divided by 29.
27
What is the remainder when 216 is divided by 37?
31
Calculate the remainder when 203 is divided by 21.
14
Calculate the remainder when 65 is divided by 27.
11
What is the remainder when 103 is divided by 18?
13
Calculate the remainder when 2440 is divided by 203.
4
What is the remainder when 95 is divided by 7?
4
Calculate the remainder when 69 is divided by 22.
3
What is the remainder when 307 is divided by 10?
7
Calculate the remainder when 12 is divided by 7.
5
What is the remainder when 2013 is divided by 7?
4
What is the remainder when 96 is divided by 14?
12
Calculate the remainder when 970 is divided by 470.
30
What is the remainder when 414 is divided by 56?
22
What is the remainder when 268 is divided by 18?
16
Calculate the remainder when 4142 is divided by 6.
2
What is the remainder when 273 is divided by 23?
20
What is the remainder when 5536 is divided by 78?
76
Calculate the remainder when 138 is divided by 61.
16
Calculate the remainder when 82 is divided by 45.
37
Calculate the remainder when 98 is divided by 89.
9
Calculate the remainder when 2973 is divided by 213.
204
What is the remainder when 275 is divided by 69?
68
What is the remainder when 1249 is divided by 281?
125
What is the remainder when 193 is divided by 135?
58
What is the remainder when 325 is divided by 47?
43
Calculate the remainder when 214 is divided by 31.
28
What is the remainder when 4649 is divided by 114?
89
What is the remainder when 25338 is divided by 28?
26
What is the remainder when 559 is divided by 16?
15
What is the remainder when 330 is divided by 4?
2
Calculate the remainder when 402 is divided by 5.
2
What is the remainder when 24125 is divided by 58?
55
Calculate the remainder when 89 is divided by 13.
11
What is the remainder when 737 is divided by 213?
98
What is the remainder when 16490 is divided by 62?
60
Calculate the remainder when 84 is divided by 17.
16
Calculate the remainder when 1801 is divided by 202.
185
What is the remainder when 401 is divided by 45?
41
What is the remainder when 26 is divided by 3?
2
What is the remainder when 19485 is divided by 56?
53
What is the remainder when 198 is divided by 66?
0
What is the remainder when 2396 is divided by 80?
76
Calculate the remainder when 92 is divided by 40.
12
Calculate the remainder when 307 is divided by 22.
21
Calculate the remainder when 48 is divided by 18.
12
Calculate the remainder when 26 is divided by 7.
5
What is the remainder when 398 is divided by 21?
20
Calculate the remainder when 1982 is divided by 84.
50
Calculate the remainder when 199 is divided by 3.
1
Calculate the remainder when 197 is divided by 188.
9
Calculate the remainder when 638 is divided by 37.
9
What is the remainder when 542 is divided by 160?
62
What is the remainder when 127 is divided by 12?
7
What is the remainder when 36 is divided by 9?
0
What is the remainder when 323 is divided by 104?
11
What is the remainder when 75 is divided by 64?
11
What is the remainder when 227 is divided by 39?
32
Calculate the remainder when 26 is divided by 7.
5
What is the remainder when 119 is divided by 62?
57
What is the remainder when 974 is divided by 143?
116
What is the remainder when 951 is divided by 275?
126
Calculate the remainder when 28806 is divided by 43.
39
Calculate the remainder when 265 is divided by 78.
31
Calculate the remainder when 327 is divided by 22.
19
Calcu